546382?
4
What is the thousands digit of 75596?
5
What is the units digit of 1830069?
9
What is the hundreds digit of 4728934?
9
What is the ten thousands digit of 6729660?
2
What is the ten thousands digit of 27998?
2
What is the thousands digit of 575242?
5
What is the hundreds digit of 201057?
0
What is the thousands digit of 3499096?
9
What is the units digit of 2907865?
5
What is the hundred thousands digit of 401519?
4
What is the millions digit of 14800247?
4
What is the units digit of 15543312?
2
What is the ten thousands digit of 256437?
5
What is the units digit of 3577674?
4
What is the hundred thousands digit of 277146?
2
What is the units digit of 294795?
5
What is the units digit of 122391?
1
What is the ten thousands digit of 543691?
4
What is the hundred thousands digit of 603334?
6
What is the tens digit of 30696?
9
What is the hundreds digit of 9287651?
6
What is the ten thousands digit of 20876933?
7
What is the hundred thousands digit of 277412?
2
What is the ten thousands digit of 2436441?
3
What is the millions digit of 5315815?
5
What is the hundreds digit of 3274931?
9
What is the millions digit of 20408558?
0
What is the ten thousands digit of 351762?
5
What is the ten thousands digit of 126832?
2
What is the tens digit of 523765?
6
What is the thousands digit of 817227?
7
What is the hundred thousands digit of 925948?
9
What is the thousands digit of 5602945?
2
What is the thousands digit of 2992951?
2
What is the tens digit of 1155195?
9
What is the ten thousands digit of 1447854?
4
What is the thousands digit of 479181?
9
What is the millions digit of 17619631?
7
What is the thousands digit of 124612?
4
What is the ten thousands digit of 312021?
1
What is the hundreds digit of 1610397?
3
What is the hundreds digit of 2113?
1
What is the tens digit of 1487057?
5
What is the thousands digit of 1918403?
8
What is the units digit of 8829317?
7
What is the thousands digit of 328113?
8
What is the hundreds digit of 3349632?
6
What is the hundreds digit of 5537912?
9
What is the ten thousands digit of 6293324?
9
What is the millions digit of 1198415?
1
What is the hundreds digit of 817782?
7
What is the hundred thousands digit of 1754343?
7
What is the thousands digit of 4913603?
3
What is the millions digit of 6169743?
6
What is the tens digit of 1098480?
8
What is the units digit of 63272?
2
What is the thousands digit of 288158?
8
What is the tens digit of 5957996?
9
What is the units digit of 3140764?
4
What is the units digit of 24728274?
4
What is the thousands digit of 145415?
5
What is the thousands digit of 19547501?
7
What is the ten thousands digit of 1266819?
6
What is the units digit of 379239?
9
What is the units digit of 124432?
2
What is the hundred thousands digit of 3872392?
8
What is the thousands digit of 722916?
2
What is the hundreds digit of 2333546?
5
What is the hundreds digit of 57627?
6
What is the millions digit of 3002481?
3
What is the tens digit of 722123?
2
What is the tens digit of 1129222?
2
What is the tens digit of 1885952?
5
What is the units digit of 528485?
5
What is the units digit of 656505?
5
What is the ten thousands digit of 1287520?
8
What is the ten thousands digit of 405159?
0
What is the thousands digit of 4224381?
4
What is the units digit of 27289?
9
What is the millions digit of 9453600?
9
What is the tens digit of 4496754?
5
What is the hundred thousands digit of 4426604?
4
What is the ten millions digit of 23259845?
2
What is the hundred thousands digit of 10691230?
6
What is the tens digit of 6943571?
7
What is the units digit of 175378?
8
What is the tens digit of 4123737?
3
What is the hundred thousands digit of 7780695?
7
What is the ten thousands digit of 59408?
5
What is the tens digit of 116633?
3
What is the hundred thousands digit of 158638?
1
What is the thousands digit of 23720396?
0
What is the hundred thousands digit of 1054998?
0
What is the tens digit of 20657433?
3
What is the units digit of 17439653?
3
What is the millions digit of 2504746?
2
What is the ten thousands digit of 2099184?
9
What is the hundreds digit of 342783?
7
What is the ten thousands digit of 2164887?
6
What is the ten thousands digit of 307899?
0
What is the hundred thousands digit of 145386?
1
What is the units digit of 14687329?
9
What is the units digit of 73282?
2
What is the hundreds digit of 2851876?
8
What is the hundreds digit of 17206?
2
What is the hundreds digit of 196521?
5
What is the hundred thousands digit of 130652?
1
What is the ten thousands digit of 9779800?
7
What is the ten thousands digit of 1699466?
9
What is the tens digit of 51282?
8
What is the ten thousands digit of 241776?
4
What is the hundreds digit of 7618454?
4
What is the hundreds digit of 570208?
2
What is the hundred thousands digit of 17874066?
8
What is the hundreds digit of 6613538?
5
What is the ten thousands digit of 13614066?
1
What is the tens digit of 14775336?
3
What is the ten thousands digit of 112985?
1
What is the millions digit of 1234364?
1
What is the ten thousands digit of 457129?
5
What is the tens digit of 15388411?
1
What is the ten thousands digit of 810304?
1
What is the tens digit of 700357?
5
What is the hundred thousands digit of 1564691?
5
What is the units digit of 1433512?
2
What is the thousands digit of 33811?
3
What is the hundred thousands digit of 9445677?
4
What is the tens digit of 18918032?
3
What is the tens digit of 30214402?
0
What is the thousands digit of 4174724?
4
What is the hundreds digit of 449535?
5
What is the tens digit of 752284?
8
What is the hundreds digit of 57965?
9
What is the millions digit of 4859620?
4
What is the thousands digit of 228514?
8
What is the thousands digit of 63234?
3
What is the thousands digit of 7399859?
9
What is the units digit of 812834?
4
What is the thousands digit of 55233?
5
What is the ten thousands digit of 240685?
4
What is the thousands digit of 257271?
7
What is the thousands digit of 5646?
5
What is the millions digit of 8554518?
8
What is the thousands digit of 145009?
5
What is the thousands digit of 10403626?
3
What is the hundred thousands digit of 813713?
8
What is the millions digit of 3705955?
3
What is the ten thousands digit of 1700179?
0
What is the thousands digit of 2801858?
1
What is the thousands digit of 490946?
0
What is the tens digit of 41662?
6
What is the hundreds digit of 32593?
5
What is the tens digit of 2982517?
1
What is the millions digit of 12523965?
2
What is the millions digit of 2159137?
2
What is the tens digit of 7375768?
6
What is the units digit of 516315?
5
What is the ten thousands digit of 1595304?
9
What is the thousands digit of 169065?
9
What is the tens digit of 3903215?
1
What is the units digit of 1593506?
6
What is the thousands digit of 163982?
3
What is the units digit of 10685640?
0
What is the hundreds digit of 3183295?
2
What is the thousands digit of 533659?
3
What is the ten thousands digit of 431857?
3
What is the tens digit of 2497104?
0
What is the thousands digit of 4797425?
7
What is the thousands digit of 77186?
7
What is the units digit of 11324?
4
What is the tens digit of 227605?
0
What is the thousands digit of 219975?
9
What is the ten thousands digit of 1991239?
9
What is the ten thousands digit of 4222254?
2
What is the hundreds digit of 181138?
1
What is the millions digit of 5620022?
5
What is the ten thousands digit of 158551?
5
What is the units digit of 235535?
5
What is the units digit of 6956910?
0
What is the hundreds digit of 28826322?
3
What is the hundreds digit of 952400?
4
What is the thousands digit of 63976?
3
What is the hundred thousands digit of 628374?
6
What is the units digit of 4480339?
9
What is the hundred thousands digit of 540891?
5
What is the units digit of 9079315?
5
What is the tens digit of 654634?
3
What is the ten thousands digit of 422135?
2
What is the millions digit of 3272793?
3
What is the thousands digit of 2454779?
4
What is the thousands digit of 325795?
5
What is the ten thousands digit of 114961?
1
What is the hundreds digit of 332827?
8
What is the units digit of 329775?
5
What is the units digit of 323589?
9
What is the ten thousands digit of 1770770?
7
What is the ten thousands digit of 109284?
0
What